 1. What is u(-2)?
-9
Let g(b) = -b**2 - 9*b + 14. What is g(-11)?
-8
Let g(v) = 18*v**2 + 2*v - 3. What is g(1)?
17
Let c(m) = m**2 + 18*m + 38. Give c(-15).
-7
Let b(j) = -2*j + 32. Determine b(17).
-2
Let y(u) = -3*u**2 + 51*u - 36. What is y(16)?
12
Let n(i) = i**3 + i**2 + 3*i + 11. Calculate n(-2).
1
Let s(z) = z**3 - 15*z**2 - 3*z - 3. Calculate s(15).
-48
Let b(c) = -125*c**2 - 4*c + 3. What is b(1)?
-126
Let g(l) = -l**3 + 5*l**2 - 5*l - 3. Give g(3).
0
Let p(g) = -g + 16. Calculate p(-10).
26
Let u(a) = 3*a - 13. Give u(7).
8
Let b(k) = -k**2 + 7*k + 10. What is b(-4)?
-34
Let m(c) = c**2 + 14*c + 6. Determine m(-10).
-34
Let q(w) = w**2 + 10*w + 15. Calculate q(-9).
6
Let v(l) = l**2 - 17*l - 4. Give v(18).
14
Let x(i) = -i**2 + 8*i - 3. What is x(6)?
9
Let u(f) = 3*f - 21. What is u(-16)?
-69
Let l(m) = -m**2 + 3*m - 3. Give l(7).
-31
Let z(j) = -92*j - 562. Give z(-6).
-10
Let l(r) = r**3 - 10*r**2 + 2*r - 6. Calculate l(10).
14
Let r(z) = z**3 + 12*z**2 - 12*z + 42. Determine r(-13).
29
Let y(s) = s + 2. What is y(6)?
8
Let c(q) = -q**2 - 6*q + 8. Give c(-7).
1
Let q(t) = -t**2 - 15*t - 12. Calculate q(-12).
24
Let d(u) = -u**3 + 4*u**2 + 13*u - 25. Determine d(7).
-81
Let a(j) = -7*j - 104. Give a(-14).
-6
Let r(s) = 24*s + 264. Give r(-11).
0
Let b(r) = r**2 + 8*r + 13. Calculate b(-6).
1
Let m(v) = -84*v + 505. What is m(6)?
1
Let v(x) = -x**2 + 2*x - 1. Calculate v(-8).
-81
Let r(s) = -s**3 - 6*s**2 + 9*s + 3. Give r(-7).
-11
Let b(n) = -2*n**3 + 120*n**2 + 1. What is b(60)?
1
Let u(z) = 38*z + 108. What is u(-4)?
-44
Let s(z) = -25*z + 1. Give s(-1).
26
Let d(j) = -6*j + 85. Determine d(12).
13
Let k(u) = 8*u + 17. What is k(0)?
17
Let z(r) = 9*r + 2. Calculate z(-2).
-16
Let z(j) = -j**2 + 2*j + 17. Determine z(6).
-7
Let c(l) = l**3 + 9*l**2 - 26*l - 17. Calculate c(-11).
27
Let q(k) = k**3 - 10*k**2 + 5*k + 32. Determine q(9).
-4
Let a(t) = 2*t**2 - 10*t + 2. Calculate a(5).
2
Let g(w) = -2*w**3 + 26*w**2 - 9*w + 48. Calculate g(13).
-69
Let w(r) = 2*r**2 + 26*r + 82. Calculate w(-7).
-2
Let h(y) = -2*y - 71. Calculate h(-43).
15
Let r(f) = 7*f + 89. Give r(-10).
19
Let c(i) = i**3 - 19*i**2 + 16*i + 4. What is c(18)?
-32
Let c(w) = 31*w**2 + w - 1. What is c(2)?
125
Let j(c) = c**2 - 9*c + 18. Give j(6).
0
Let d(q) = -2*q**2 - 5*q + 2. Calculate d(-4).
-10
Let z(a) = -a**3 + 21*a**2 - 19*a - 22. What is z(20)?
-2
Let c(k) = -k**3 + 18*k**2 + 18*k + 13. Determine c(19).
-6
Let d(f) = -f - 3. What is d(3)?
-6
Let c(p) = -6*p**2 + p - 2. Determine c(-3).
-59
Let b(j) = -j**3 + 18*j**2 + 23*j - 19. Calculate b(19).
57
Let c(u) = u**2 - 5*u - 5. What is c(-4)?
31
Let q(l) = l + 14. Determine q(-7).
7
Let d(v) = 3*v + 17. Calculate d(-7).
-4
Let a(l) = 12*l**2 - 166*l - 29. Calculate a(14).
-1
Let o(t) = -t - 5. Calculate o(-2).
-3
Let b(c) = 5*c - 3. What is b(3)?
12
Let w(d) = -d**3 + 4*d**2 + 13*d - 26. Give w(2).
8
Let z(b) = -b**3 - 10*b**2 + 8. What is z(-10)?
8
Let m(z) = z**3 + 4*z**2 + 2*z + 5. What is m(-4)?
-3
Let a(x) = -x**2 + 18*x - 19. Calculate a(13).
46
Let h(b) = -b**2 - 7*b - 9. Determine h(-6).
-3
Let s(c) = -20*c + 365. What is s(18)?
5
Let j(u) = -u**3 + 5*u**2 + 7*u - 9. Give j(6).
-3
Let y(k) = -18*k + 93. Calculate y(5).
3
Let g(x) = 2*x + 16. Calculate g(-10).
-4
Let t(s) = s + 1. Give t(0).
1
Let k(h) = -3*h. Calculate k(2).
-6
Let o(b) = -b**3 + 3*b**2 + 5*b + 11. What is o(4)?
15
Let r(t) = t**3 - 9*t**2 - 10*t - 7. Give r(10).
-7
Let z(j) = 179*j - 537. Determine z(3).
0
Let l(y) = 4*y**2 + 22*y - 6. Determine l(-5).
-16
Let i(t) = -t + 3. Determine i(16).
-13
Let t(c) = c**2 - 54*c - 231. Give t(58).
1
Let p(i) = 2*i - 11. Calculate p(4).
-3
Let k(x) = -x**3 - x**2 - 2*x - 53. Give k(0).
-53
Let r(o) = o**2 + 27*o - 46. Determine r(-28).
-18
Let x(b) = b**2 + 3*b - 1. What is x(-4)?
3
Let h(x) = -8*x + 64. Calculate h(12).
-32
Let j(t) = t**3 - 10*t**2 + 17. Determine j(7).
-130
Let h(r) = -r - 5. Calculate h(0).
-5
Let j(y) = -y**3 - 8*y**2 - 2*y - 7. What is j(-6)?
-67
Let d(u) = -2*u**3 + u**2 - u - 2. Calculate d(-2).
20
Let s(f) = 3*f + 12. Determine s(-8).
-12
Let h(s) = 8*s + 92. Determine h(-11).
4
Let t(y) = y**3 - 20*y**2 + 21*y - 46. Give t(19).
-8
Let n(f) = -f**3 - f**2 - f. Determine n(-2).
6
Let m(o) = o**3 - o**2 - 4*o + 2. Calculate m(3).
8
Let t(h) = -26*h**2 + h + 1. Calculate t(-1).
-26
Let r(m) = m**3 - 6*m**2 - 3*m + 15. Give r(6).
-3
Let r(z) = z**2 + 4*z - 4. Calculate r(-9).
41
Let n(y) = y + 5. Calculate n(4).
9
Let f(y) = 6*y + 23. Determine f(0).
23
Let q(w) = -w**3 - 11*w**2 + w + 6. Determine q(-11).
-5
Let f(b) = 2*b + 18. What is f(7)?
32
Let i(t) = -t**2 - 10*t + 11. What is i(-13)?
-28
Let p(g) = g**3 + 4*g**2 - 2*g - 10. Calculate p(-4).
-2
Let g(r) = r + 2. Calculate g(9).
11
Let w(v) = -v**3 + v**2 + v - 7. Give w(0).
-7
Let c(s) = -30*s**2 - 1. Determine c(1).
-31
Let l(b) = -b**2 + 8*b + 4. What is l(3)?
19
Let x(r) = 12*r**3 - 2*r**2 + 2*r. Calculate x(1).
12
Let i(o) = 14*o + 1. Determine i(-1).
-13
Let q(a) = -2*a**2 - 47*a - 244. Calculate q(-16).
-4
Let l(p) = p**2 - 16*p + 62. Calculate l(12).
14
Let z(f) = -f**2 + 4*f + 18. Give z(7).
-3
Let t(w) = -5*w + 3. Give t(1).
-2
Let h(x) = -6*x + 8. Calculate h(0).
8
Let r(h) = h**3 + 12*h**2 + 29*h - 4. Give r(-3).
-10
Let a(w) = 5*w**2 + 15*w + 6. Give a(-4).
26
Let t(k) = k**3 + 21*k**2 - 19*k + 21. Determine t(-22).
-45
Let c(o) = -o**3 - 9*o**2 + 5*o - 10. Determine c(-10).
40
Let b(j) = -j**2 + j + 12. Determine b(-7).
-44
Let c(w) = 4*w + 86. Give c(-25).
-14
Let v(i) = i**3 - i**2 + i - 6. Give v(0).
-6
Let w(p) = -6*p**2 - 17*p + 3. Calculate w(-3).
0
Let k(l) = -l**2 - 20*l - 2. Determine k(-20).
-2
Let b(g) = -g**2 + 53*g - 290. Calculate b(47).
-8
Let y(m) = m**3 - 6*m**2 - 2*m - 7. Determine y(7).
28
Let i(g) = 7*g + 76. Determine i(-10).
6
Let s(o) = -16*o + 13. Calculate s(-4).
77
Let f(u) = -12*u**2 - 4*u + 1. Give f(-3).
-95
Let h(y) = 10*y - 42. Determine h(4).
-2
Let d(q) = 5*q + 3. Determine d(-2).
-7
Let f(j) = -4*j + 8. What is f(-4)?
24
Let x(o) = -7*o - 48. Determine x(-7).
1
Let s(w) = -2*w**2 - 5*w - 5. Determine s(-2).
-3
Let n(c) = -c**3 - 16*c**2 - 7*c - 95. Calculate n(-16).
17
Let x(a) = a**3 - 4*a**2 - 3*a + 2. What is x(4)?
-10
Let k(g) = g**3 - 63*g**2 + 54*g + 492. Determine k(62).
-4
Let l(h) = -h**2 - 7*h + 50. Give l(-11).
6
Let a(d) = -5*d + 7. What is a(2)?
-3
Let z(n) = -19*n**3 + 2*n - 2. What is z(1)?
-19
Let d(j) = 2*j**3 + 34*j**2 - 36*j - 11. Calculate d(-18).
-11
Let d(y) = -9*y - 47. Give d(-10).
43
Let q(n) = 4*n**2 + 63*n + 49. What is q(-15)?
4
Let h(q) = -92*q - 20. What is h(-1)?
72
Let d(j) = -3*j + 8. Give d(4).
-4
Let g(i) = -i**2 - 4*i + 7. Calculate g(3).
-14
Let s(d) = -2*d**2 - 9*d - 18. Determine s(-4).
-14
Let h(y) = y**2 + 8*y - 5. Calculate h(-11).
28
Let y(j) = -j + 23. Give y(-28).
51
Let b(t) = t**2 - t - 38. Determine b(-6).
4
Let l(s) = s**2 + s + 1. What is l(-4)?
13
Let o(x) = x**2 - 2*x - 3. Calculate o(5).
12
Let y(x) = -x**3 + 8*x**2 + 6*x + 20. Calculate y(9).
-7
Let f(g) = -8*g - 7. What is f(3)?
-31
Let g(s) = -3*s + 29. Calculate g(11).
-4
Let u(y) = -y**2 + 15*y + 103. Calculate u(-5).
3
Let t(d) = d**3 + 18*d**2 + 33*d + 13. Give t(-16).
-3
Let v(r) = -4*r**2 - 22*r - 7. Calculate v(-6).
-19
Let c(k) = -16*k**2 - 2*k. Give c(-1).
-14
Let w(h) = 3*h**2 + h + 4. Calculate w(1).
8
Let a(s) = -49*s**2. Give a(-1).
-49
Let j(x) = -3*x**2 - 16. Determine j(-4).
-64
Let l(x) = 6*x - 8. What is l(2)?
4
Let a(n) = 2*n**2 - n - 3. Give a(2).
3
Let b(m) = 13*m - 35. Determine b(2).
-9
Let u(f) = 2*f**2 + 7*f + 2. What is u(-3)?
-1
Let c(y) = y**3 + 14*y**2 - 6*y + 91. Calculate c(-15).
-44
Let q(k) = 3*k**2 - k - 5. Calculate q(0).
-5
Let y(g) = -g**2 - 5*g + 17. Calculate y(-8).
-7
Let g(h) = h**2 - 12*h + 6. Give g(12).
6
Let k(r) = r**2 + 15*r - 22. Determine k(-16).
-6
Let x(c) = c - 1. Determine x(-1).
-2
Let l(g) = -g**3 - 5*g**2 - 5*g + 6. Calculate l(-5).
31
Let b(a) = 16*a + 49. Determine b(-4).
-15
Let n(o) = -4*o**2 - 54*o - 22. Determine n(-13).
4
Let z(l) = -7*l - 200. What is z(-24)?
-32
Let f(a) = a**3 + 11*a**2 - 15*a - 17. Determine f(-12).
19
Let y(s) = -s**2 - 17*s + 32. Give y(-19).
-6
Let w(k) = k**2 + 31*k + 49. W